alculate the greatest common divisor of r and 8.
1
Let u(r) = -r**3 - 10*r**2 + 14*r - 15. Let v = 141 - 154. Let f be u(v). What is the greatest common factor of 10 and f?
10
Suppose 33251 = -89*o + 88431. Calculate the greatest common factor of 40 and o.
20
Suppose -2373*r = j - 2377*r - 1637, 2*r + 1631 = j. Calculate the highest common factor of 260 and j.
65
Suppose -3*c + h + 10474 = 0, 391*c - 386*c - h = 17452. What is the greatest common factor of c and 6?
3
Suppose 256 = 4*n - 0*n. Suppose -4*s - 2*h + 66 = 0, 3*s + 646*h - 46 = 648*h. What is the highest common factor of s and n?
16
Suppose 16800 = -262*a + 282*a. Calculate the greatest common factor of a and 4305.
105
Suppose -20*h + 215 = -h - 89. What is the highest common divisor of 668 and h?
4
Let b = -78 + 80. Suppose -g + 18 = b*g. Suppose 4*u + g*u - 110 = 0. Calculate the greatest common factor of u and 88.
11
Let c = -6057 - -6281. Calculate the highest common factor of c and 416.
32
Suppose 25 + 29 = 3*s. Let u be ((-1)/3)/((-20)/s + 1). Suppose 4*l = -b, -u*b + 3 + 10 = -l. What is the highest common divisor of b and 12?
4
Let i be ((3 - 0) + -2)/(1/(-145)). Let p = i - -151. Let q be 59 + (1 - (-18)/p). Calculate the highest common factor of q and 7.
7
Let j be 22 - (10/(-6) + (-10212)/666). Let d = -209 + 391. What is the greatest common divisor of d and j?
13
Suppose -k = k - 4, -2*m - 3*k = -24. Let v be -265*28/(-245) - (-4)/(-14). Let h = 51 + v. What is the highest common divisor of m and h?
9
Let n(b) = 31*b - 76. Let r(g) = -1. Let p(t) = n(t) + 2*r(t). Let v be p(8). Calculate the greatest common factor of 5 and v.
5
Let b be 2/((-2)/(-37)*1). Let t = 1074863 - 1074860. What is the highest common divisor of t and b?
1
Suppose 3*a + a - 880 = 0. Suppose -22*f = -62*f + 6600. Calculate the highest common divisor of f and a.
55
Let g(p) = -384*p - 79. Let q be g(-1). Calculate the greatest common divisor of q and 10.
5
Let d be -1*4/(-30) + (-93216192)/(-13185). Calculate the highest common factor of d and 70.
70
Let t = -40 + 39. Let b(c) = 11*c**2 + c - 1. Let g be b(t). Let l(y) = 12*y - 17. Let k be l(g). What is the highest common divisor of 13 and k?
13
Suppose 1518 = -9*m + 12*m + 4*g, 0 = -2*m - 5*g + 998. What is the greatest common factor of m and 16?
2
Suppose p = -4*y + 44, -4*p = -4*y + 8*y - 32. Suppose a - y = 4*a, 3*w + 2 = -5*a. Let x be 98/12 - w/36. Calculate the highest common divisor of x and 20.
4
Suppose -3*s - 193*k + 198*k + 415 = 0, -4*s + k + 542 = 0. What is the greatest common divisor of 19440 and s?
135
Suppose -2*a = -w - 5*a + 151, -3*w + 3*a = -417. Let o = 184 - w. Calculate the highest common divisor of o and 56.
14
Let s = 424 - 395. Let l be (4/18*87)/(2/54). Suppose 7*o = -2*o + l. Calculate the highest common divisor of s and o.
29
Suppose 157*j + 4431 - 23849 = 11*j. What is the greatest common divisor of 342 and j?
19
Suppose -5*v + 2*i = -2*v - 983, -3*i = 12. Suppose 8*p = 3*p + v. Suppose m + 5*q + p = 2*m, 3*q = -5*m + 185. Calculate the highest common factor of m and 10.
10
Let r be 27993/147 - (60/35)/4. Calculate the highest common factor of 342 and r.
38
Suppose -32 = -k - 11. Suppose 7*s - 2*s = 30. Let g(n) = n**3 - 5*n**2 + 7*n - 57. Let w be g(s). Calculate the highest common divisor of w and k.
21
Let w = 219 - 31. Let a be 8/(-12) - 31/((-465)/70). Calculate the highest common factor of a and w.
4
Suppose 94379 = 58*c + 24083. Calculate the greatest common divisor of 60 and c.
12
Let g = 773 - -1123. Calculate the greatest common divisor of 48 and g.
24
Let z = -23 + -8. Let g(k) = k**3 + 33*k**2 + 62*k + 34. Let c be g(z). Let v = -25 - -110. What is the greatest common factor of v and c?
17
Let p = -34 - -56. Let i be ((-1)/(-4))/(6*5/1560). Let d(w) = w**2 - 16*w + 41. Let z be d(i). Calculate the greatest common divisor of p and z.
2
Let a(z) = 42*z**2 - 78*z + 2028. Let p be a(20). What is the greatest common divisor of p and 12?
12
Suppose -2*y + i = -68 - 618, -5*y = -3*i - 1713. Suppose -5*n + 853 = -2*s, -4*n + 4*s + 335 = -y. Calculate the highest common divisor of 38 and n.
19
Let n be 114 + -3 + (-1)/((-3)/24). What is the highest common divisor of 221 and n?
17
Let b(i) = 6*i**3 - 19*i**2 - 6*i + 12. Let v be b(9). Calculate the greatest common divisor of 456 and v.
57
Let h be (12 - (14 + -6))*71*(-538)/(-8). What is the greatest common divisor of 71 and h?
71
Suppose -3*h + 1854 = 237. Let y be (-5)/((-45)/(-6)) - (660/(-176) - (-12677)/(-84)). Calculate the highest common divisor of y and h.
77
Let l be (77 - 0) + 28/(-4) + 8. Let s = l + -42. What is the highest common factor of s and 12?
12
Suppose 0 = -31*p + 24*p. Suppose p*i + 3720 = 30*i. Let z(s) = 3*s**2 + 2*s + 10. Let w be z(-8). What is the highest common divisor of w and i?
62
Suppose 6*r - 24*r = -42840. What is the greatest common factor of 68 and r?
68
Suppose 75*q = 6837 + 10938. Calculate the greatest common factor of 2765 and q.
79
Suppose 73*m + f = 78*m - 2221, -4*m + f = -1777. Calculate the highest common factor of m and 108.
12
Let z = -20885 + 22965. Calculate the greatest common divisor of z and 715.
65
Let i(z) = 41*z**2 + 4*z - 5. Suppose -b + 0 = -1. Let v be i(b). What is the highest common divisor of v and 16?
8
Let q(s) = -s**2 + 427*s + 1727. Let d be q(-4). What is the highest common divisor of 753 and d?
3
Let u(y) = -504*y**3 - 3*y**2 - 3*y. Let z be u(-1). Suppose -4*r + z = 5*r. Suppose -6*i = i - r. What is the highest common factor of 8 and i?
8
Suppose 24*t = 52 + 140. Suppose 2*u - t*m = -7*m + 884, -4*m = 5*u - 2197. What is the highest common factor of 126 and u?
63
Let t = -5587 - -8011. Calculate the highest common divisor of 8 and t.
8
Suppose -3*s = 4*a - 17, 19*a + 14*s - 91 = 10*s. What is the highest common factor of a and 335?
5
Let z be 65 + ((-3)/5 - (-644)/115). Calculate the highest common divisor of z and 16730.
70
Let x be (-736)/(-3680) + (-138)/20*-2. Suppose 2*a + 2*a + 5*y - 428 = 0, -2*y - 344 = -3*a. What is the greatest common divisor of a and x?
14
Suppose -2*b - 8 = -0*w - w, 5*b - 5*w + 20 = 0. Let l be 1*(-46)/b + (-7)/(-14). Calculate the highest common factor of 132 and l.
12
Suppose 6*p - 2*d + 2 = 7*p, -p + 4*d = -8. Suppose 404 = p*l - 3*f - 10, 418 = 4*l - 5*f. What is the greatest common factor of 153 and l?
51
Let q = 244 - 172. Let p = 573 + -565. What is the greatest common divisor of q and p?
8
Suppose 3*o - 6271 - 7232 = 0. Suppose o - 442 = 11*y. What is the greatest common factor of y and 82?
41
Suppose -3*j + 43 = 4*h, -2*h - 3*j - 47 = -7*h. Let m(k) = 31*k - 15. Let u be m(-15). Let x = -340 - u. Calculate the greatest common factor of x and h.
10
Let f(d) = 0*d + 12*d**3 + 2 - 2*d - 27*d**3. Let m be f(1). Let t be ((-12)/m)/((-1)/6)*-15. What is the highest common divisor of 9 and t?
9
Suppose 2*s - 5*s - 120 = 0. Let m = s - -103. Suppose 0 = 51*t - 54*t + 126. Calculate the highest common divisor of t and m.
21
Suppose -408 + 1164 = 18*u. Calculate the greatest common factor of 2058 and u.
42
Suppose 2*w + 5*n - 33 = -w, n + 27 = 5*w. Let r be (309/(-6) + -4)*(-4)/w. What is the greatest common factor of r and 333?
37
Let m(b) = 4*b**2 - 27*b - 58. Suppose -376*p = -385*p - 18. Let n be m(p). Let y(d) = d + 132. Let s be y(0). Calculate the highest common factor of n and s.
12
Suppose -8239*r = -8226*r - 2457. Calculate the highest common divisor of 147 and r.
21
Let w = 2600 + -1698. Calculate the greatest common divisor of 22 and w.
22
Suppose 3*v - 5*h = -9, -5*v - 13*h = -18*h + 15. Let a be v/(-1 - (-6)/9). Calculate the greatest common factor of a and 9.
9
Let v(z) = -12*z + 46. Let w be v(-4). Let s = 16 + w. Calculate the highest common factor of s and 88.
22
Suppose 8*t = -4*w + 256, 20 + 264 = 5*w + t. Calculate the highest common factor of 1876 and w.
28
Let g(t) = -t**3 + t**2 - 10*t - 15. Let d be g(-2). What is the greatest common factor of d and 5831?
17
Let f(d) = 6*d**3 + 54*d**2 - 2*d - 7. Let r be f(-9). Suppose -4*t + 5*i = 2*i - r, -3*i + 4 = -t. What is the greatest common factor of 640 and t?
5
Let p be 94/18 + 4/(-18). Let m(g) = 3*g - 44. Let t be m(8). Let k be -1*p*(t + 8). What is the greatest common factor of 150 and k?
30